) be the second derivative of 0*w**3 + 5/12*w**4 - 1/20*w**5 + 0 + w**2 + 3*w. Suppose 5*h = 3*t - 0*t, -9 = -3*h. Determine j(t).
2
Let i(m) = m + 5. Let k be i(-10). Let a(t) = t**3 + 5*t**2 + 3*t. Calculate a(k).
-15
Let x(v) = 6*v - 6. Let w(o) = o - 1. Let p(s) = 22*w(s) - 4*x(s). Determine p(-2).
6
Let q(a) be the second derivative of -a**4/12 + 7*a**3/6 + 3*a**2/2 + 3*a. Give q(7).
3
Let l(r) be the third derivative of 0*r + 0 + 1/60*r**5 + r**2 - 1/2*r**3 + 1/6*r**4. Determine l(-5).
2
Suppose -o - 3*i + 3 = 1, 5*i = 10. Let f(b) = -b**3 - 3*b**2 + 5*b - 1. Let a be f(o). Let r(n) = -n**3 - 5*n**2 + n + 4. Determine r(a).
-1
Suppose 5*i = r - 18, -5*i = 3*r - 4*i + 10. Let k(y) = y**3 + 6*y**2 - 8*y - 9. Let b be k(-7). Let c = b + r. Let u(v) = v**3 + 4*v**2 - 2. Calculate u(c).
-2
Let l(s) = -2*s - 1 + 3*s + s - 3*s. Calculate l(-4).
3
Suppose -8 = 3*t + 4*g, 4*g = -0*t + t - 24. Let i(o) = -3*o + 0*o + t + 4*o - 5. Let d(n) = -2*n. Let z be d(-2). Calculate i(z).
3
Let j(s) = s**2 - s - 5. Let p be (3/4)/((-4)/(-16)). Suppose -3*u = -f - 0*f - 3, -f - p = 3*u. Give j(u).
-5
Let s(f) = f**2 - 2*f - 2. Let m be (-31)/(-8) - (-1)/8. What is s(m)?
6
Let n(d) = -d**2 - 3*d + 7. Let m be n(-5). Suppose -2*s - 3 = -3*s. Let h(o) = o - 4 + 3*o - s*o + o + o**2. Give h(m).
-1
Let i(w) = 5*w + 2. Let s = -7 - -9. Let r(k) = 4*k + 1. Let y(o) = s*i(o) - 3*r(o). Give y(2).
-3
Let q(k) = 2*k - 2. Suppose 3*u = -7 + 1. Let w = 4 + u. Suppose w*o - 2*x - 10 = 0, 5 = o + x - 0. Calculate q(o).
8
Let g(w) be the third derivative of -1/24*w**4 + 0*w + 0 + 2*w**2 - 1/6*w**3. Determine g(-2).
1
Let n(q) = -8 + 4*q**2 + q**3 - q - q**2 + 3*q**2. Determine n(-6).
-2
Let n(y) = y + 2. Let s = -47 + 78. Suppose 4*h = -5*f + s, -5*h + 7 - 2 = -5*f. Let a be f - (4 + -1 - -2). Calculate n(a).
0
Let b(u) = u**2 + u - 1. Suppose 2*p = -2*p + 16. Let v(j) = 5*j**2 - j - 6. Let y(q) = p*b(q) - v(q). Let l(t) = -2*t - 11. Let n be l(-8). What is y(n)?
2
Let q(x) = x**2 - 11*x + 13. Let d be q(10). Let z = -8 + d. Let f(s) = s**2 + 5*s - 6. Determine f(z).
-6
Let m(g) = 2*g**3 + 4*g**2 + g - 2. Let r be m(-2). Let s(o) = -2*o + 5*o + 4*o**2 + 5*o - 3*o**2 + 4. Calculate s(r).
-12
Let f(s) = s - 1. Suppose 3*i + 0*i - 2*m = 178, -i + 52 = 3*m. Let q = -33 + i. Suppose -4*r - r + 5*z - q = 0, -4*z + 12 = -2*r. What is f(r)?
-5
Let l be 2/12 + 23/6. Let p(b) = 0 - l*b + b - 1 + 0. Let w = 7 + -8. Determine p(w).
2
Let j(t) = -13*t - 33. Let u(c) = -3*c - 8. Let h(n) = -10*n - 1. Let a be h(-1). Let q(f) = a*u(f) - 2*j(f). Suppose -5*d - 36 = -6. What is q(d)?
0
Let k(w) be the third derivative of -w**7/5040 - w**6/720 + w**5/12 + 3*w**2. Let o(r) be the third derivative of k(r). What is o(3)?
-4
Let v = 91 - 95. Let b(l) = -l**3 - 5*l**2 - 2*l - 5. Give b(v).
-13
Let n(t) = -3*t**3 - 2*t - 1. Let u be n(-1). Let w(y) = y**3 - 5*y**2 + 2*y + 5. What is w(u)?
-3
Suppose 6 = 4*p - 6. Let q(r) = -r**3 + 2*r**3 - r**p + 3*r**2 - 2*r + r**3 + 1. Give q(-2).
9
Let f = 63 + -41. Let k = -6 + f. Suppose 4*q + 11 = -v, -4*v = -0*q + 2*q + k. Let d(s) = -s**2 + 4. Calculate d(v).
-5
Let f = 63 + -64. Let t(i) = i + i**3 - 3*i**2 + 1 + 3*i**2. What is t(f)?
-1
Let x(q) = -q - 2. Suppose 0 = -4*t + 5*t. Suppose t = 3*f + 7 - 4. Determine x(f).
-1
Let g = -12 - -25. Let f be 0 + 6 - (4 - 6). Let p = g - f. Let a(m) = -m**3 + 5*m**2 - m + 7. Determine a(p).
2
Let r(o) be the third derivative of -o**4/24 + 2*o**3/3 - 14*o**2. Let p be (2 + -3)*2*2. Give r(p).
8
Let q(v) = -1 - 40*v**2 - 7*v + 5 + 41*v**2 + 1. Give q(4).
-7
Let z(t) be the third derivative of -t**8/20160 + t**7/1008 + t**6/90 + t**5/10 - 4*t**2. Let d(v) be the third derivative of z(v). What is d(6)?
2
Let u = -5 + 8. Let w(n) = 3*n + 3 - 5 + u - n. Determine w(-1).
-1
Let r(c) = c**2 - 3*c + 1. Let k be r(2). Let h(i) = 5*i + 2. Let f(a) = -3*a - 1. Let q(x) = -9*f(x) - 4*h(x). Give q(k).
-6
Let u = -4 + 4. Suppose 2*l + 2*l = u. Suppose -r = -l + 2. Let t(p) = 2*p - 2. Calculate t(r).
-6
Suppose -2*v + v + 5*j + 2 = 0, -2*v + 4*j + 4 = 0. Let d(h) = -h**2. Determine d(v).
-4
Let a(k) = k**3 + k**2 + k + 2. Let i(w) = -3*w + 10. Suppose o - 20 = -4*o. Let d be i(o). Determine a(d).
-4
Let i(o) = 3*o**3 - 10*o**2 - 3*o. Let b(f) = 4*f**3 - 15*f**2 - 5*f. Let y(t) = -5*b(t) + 7*i(t). Give y(-5).
-20
Let i be 38/10 - 7/(-35). Suppose -2*c + c = i. Let z(j) be the third derivative of -j**5/60 - j**4/12 + 2*j**3/3 - j**2. Determine z(c).
-4
Let f(h) = h**2 + 2*h - 7. Let c = -1 - -1. Let j(t) be the first derivative of -t**3/3 + t**2/2 - 5*t + 1. Let d be j(c). Give f(d).
8
Let o(q) = -q**3 + 2*q - 1. Let u be o(2). Let c(j) = -j**3 - 5*j**2 - 2*j + 2. Calculate c(u).
12
Let i(a) = a**3 + 3*a**2 - 4*a - 5. Let c(s) = 3*s**2 + s. Let x be c(1). Let t = -8 + x. Give i(t).
-5
Let b(f) = f - 8. Let a(k) = -k - 3. Let i be a(-11). Let j be b(i). Let l(y) = -9*y + 9. Let z(o) = 5*o - 4. Let v(t) = -4*l(t) - 7*z(t). Determine v(j).
-8
Let i(g) = -2*g**3 + 0*g**3 + 3 - g - 4. Calculate i(-1).
2
Let f be (-4)/10 - (-44)/10. Let o(b) = 4*b - 5*b + 4*b - f*b. What is o(2)?
-2
Let b(g) be the first derivative of -3*g - 2*g**2 - 1/4*g**4 + 2*g**3 + 6. Let w(s) = 2*s**2 + 4*s - 1. Let y be w(-3). Calculate b(y).
2
Let k(q) = 1 - 2 + 0*q**3 - 2*q**2 + 4*q**3 - 2*q. Let z = -40 - -39. What is k(z)?
-5
Let p be -10*(2 + 12/(-5)). Let h(j) = j - 1. Let m(l) = 2*l - 3. Let i(f) = p*h(f) - m(f). Give i(4).
7
Let i = 10 + -7. Let p(v) = -2*v**2 - 4*v + 3. Let y(d) = 3*d**2 + 5*d - 4. Let g(x) = 4*p(x) + 3*y(x). What is g(i)?
6
Let h(t) be the third derivative of t**4/24 + t**3/6 - 7*t**2. Give h(-3).
-2
Let f(k) = 5*k + 2. Suppose -26 = -4*q - 38. Give f(q).
-13
Let y(s) = s**2 - 9*s - 8. Let l be y(10). Let d(b) = 2*b**3 + b**l + b - 7 + 0*b**3 + 6 + 0*b**2. Determine d(-2).
-15
Let k(r) = 4*r + 3. Let q(w) = -2*w**3 + 24*w**2 - w + 9. Let g be q(12). Give k(g).
-9
Let o(n) = n**3 + 7*n**2 - 6*n + 6. Let t(l) = l**3 + 15*l**2 + 15*l + 6. Let z be t(-14). Calculate o(z).
-10
Let q be (3/(-2) + 2)*12. Let w(d) = -d + 12. Determine w(q).
6
Suppose 2*q - 11 = 1. Suppose -4*z = 5*p - 88, -3*p + 7 - 80 = -5*z. Suppose -4*t = -f + z, -5*f + 4*t = -q - 15. Let v(x) = 6*x + 1. Calculate v(f).
7
Let c(j) = 6*j**2 + 0 + 3 + 2 + 3 - j - j**3. What is c(6)?
2
Let u(h) = -h**2 + 6*h + 6. Let v be u(6). Let x(m) = -m**2 - 4 + 1 + 2 + v*m. Determine x(3).
8
Let j(l) = -l**2 - 10*l - 7. Let o be j(-9). Let d(c) = 3 - 1 + 2 - o*c. Give d(4).
-4
Let n(m) be the second derivative of m**5/20 + m**4/3 - m**3/2 - 5*m**2/2 + 5*m. Calculate n(-5).
-15
Let w(g) = 7 - g**3 - 1 - 78*g - 2 + 83*g + 4*g**2. Determine w(5).
4
Let t(y) = y - 6. Let m be 86 - 3 - (-9)/(-3). Suppose m = 5*c - 70. Let h be ((-2)/(-4))/(3/c). Determine t(h).
-1
Let j(s) = -s**2 + 3*s + 1. Suppose -z + 5 = 1. Determine j(z).
-3
Let i(m) = 2*m**2 - 2*m - 2. Let z be i(-2). Suppose -5*b = -3*u + 6, 5*u - b = -3*b + z. Let v(r) = 3 - r**3 - r**3 + 3*r**3 - 3*r. Determine v(u).
5
Let x(q) = q + 8. Let y(b) = 1. Let g(i) = -x(i) + 4*y(i). Calculate g(-5).
1
Let a(j) be the second derivative of -j**3/6 + 2*j**2 + 2*j. Determine a(3).
1
Let g(d) = -6*d**3 + 4*d**2 + 1. Let i(s) = -4*s + 3. Let y be i(3). Let b(a) = -24*a**3 + 17*a**2 + 5. Let k(h) = y*g(h) + 2*b(h). Give k(-1).
-7
Let a be 24/(-18) + 2/6. Let j(o) = -5*o - 1. Let u be j(a). Let y(k) = k - 4. Calculate y(u).
0
Suppose 3*q = 2*q - 15. Let r be (-3)/q - 24/(-5). Let f(h) = h**2 - 4*h + 2. Calculate f(r).
7
Let s(l) = l**3 - 7*l**2 - 7*l - 9. Let p be s(8). Let q be (-2)/p - (14 + -11). Let x(o) = -o**2 + o + 1. Give x(q).
-1
Let h(n) = n**3 + n - 3. Let f be 3 - (3 - 3)/3. Let d be (16/12)/(2/f). Suppose -2*o = d*o. Determine h(o).
-3
Let l(w) be the third derivative of -w**5/60 + w**4/24 - 6*w**2. Give l(-2).
-6
Let t(y) = -y**2 - 7*y - 4. Suppose -h + 2 = 0, -b - 1 = -4*h - 2. Let i be b/((-2)/4 + -1). Determine t(i).
2
Let t(i) = -i**3 - i. Suppose -4 = j - 7. Suppose -20 = -4*y + 2*k, -j*y + 2*k + 12 = -y. Let r = y - 3. Calculate t(r).
-2
Let b = 8 + -3. Suppose 7 = 2*w - b*p, 4*p = -3*w + 2*p + 1. Let i(m) = 15*m**2 - m + 1. Calculate i(w).
15
Let b(x) = x**2 - 3*x - 5. Let q be (-63)/(-9) - (1 - -1). Determine b(q).
5
Let t(